10
In base 5, what is 10 - 342314?
-342304
In base 4, what is -3 - 3123200011?
-3123200020
In base 11, what is -1 + a61?
a60
In base 9, what is -13 - -3863?
3850
In base 15, what is 2 + 5a5?
5a7
In base 11, what is -4 + 507a?
5076
In base 4, what is 13 - -20233003?
20233022
In base 4, what is -1103231320 - 3?
-1103231323
In base 7, what is -6 + -31201?
-31210
In base 3, what is -222 - -122120?
121121
In base 13, what is -15a532 - 4?
-15a536
In base 14, what is -4 + -55761?
-55765
In base 3, what is 2120 + 1002201?
1012021
In base 6, what is 2 + 225503?
225505
In base 14, what is -1d1 - -cc?
-103
In base 15, what is -608 - 444?
-a4c
In base 9, what is -36 - -31744?
31707
In base 10, what is 14 - 16912?
-16898
In base 2, what is -11101110 + 10000101?
-1101001
In base 11, what is -359a + -3?
-35a2
In base 2, what is 1001100100011 + 101?
1001100101000
In base 8, what is -37 - 150?
-207
In base 16, what is 3c6 + -29?
39d
In base 2, what is -1001 - -110000000011?
101111111010
In base 12, what is 17b9 + 43?
1840
In base 13, what is -18 - -12bc?
12a4
In base 8, what is 410 + 5034?
5444
In base 6, what is -112231114 + -1?
-112231115
In base 8, what is -5 - 312735?
-312742
In base 13, what is 2 - 76209?
-76207
In base 5, what is -103 + -233323?
-233431
In base 6, what is 22 + -43220?
-43154
In base 14, what is 297 + -5?
292
In base 8, what is 1 - -41027?
41030
In base 5, what is -3211 + -1123?
-4334
In base 13, what is -94616 + 1?
-94615
In base 9, what is -2 - 27078?
-27081
In base 11, what is 3963 - -1?
3964
In base 9, what is -5 - -66755?
66750
In base 8, what is 23 + 1332?
1355
In base 5, what is -111 + -230?
-341
In base 2, what is 1010010010100000 + -100?
1010010010011100
In base 12, what is -91 + -1387?
-1458
In base 16, what is 2 - -13132?
13134
In base 16, what is -e + e2?
d4
In base 3, what is -12 + -2212202110000?
-2212202110012
In base 15, what is -1 - 1ea8e?
-1ea90
In base 13, what is -5 + -c8c59?
-c8c61
In base 14, what is -31 + d1c9?
d198
In base 9, what is -76 + -678?
-765
In base 6, what is 251524 - 4?
251520
In base 8, what is -413 + -35?
-450
In base 9, what is -8876 - -460?
-8416
In base 6, what is 3052345 - -2?
3052351
In base 10, what is 89230 - 4?
89226
In base 6, what is 1131 - 42131?
-41000
In base 14, what is -2b60 - 37?
-2b97
In base 14, what is 0 + -25933?
-25933
In base 13, what is -30 - -14b2?
1482
In base 13, what is -2b97 + -29?
-2bc3
In base 13, what is 3 - -7bab4?
7bab7
In base 2, what is -1 - 10010110100011011100?
-10010110100011011101
In base 11, what is -a0 + 220?
130
In base 8, what is -4 - 16342?
-16346
In base 14, what is d889 - -3?
d88c
In base 3, what is -111 + 222110?
221222
In base 13, what is 71cc + -2?
71ca
In base 2, what is -1011001010 + -110001?
-1011111011
In base 15, what is -5596 + 5?
-5591
In base 14, what is b64 - 4?
b60
In base 8, what is 4347 + -4?
4343
In base 9, what is 22583 + -11?
22572
In base 4, what is -101003 - 12100?
-113103
In base 13, what is 1 - -278c?
2790
In base 10, what is -37 - -1358?
1321
In base 4, what is -2020130312 + 11?
-2020130301
In base 8, what is 2163 - 317?
1644
In base 7, what is 1616153 + -3?
1616150
In base 5, what is 2 - 242034?
-242032
In base 4, what is 2013130 + -11123?
2002001
In base 3, what is 1021120 - 1212?
1012201
In base 6, what is -1 + -120231?
-120232
In base 6, what is -15 - -441315?
441300
In base 13, what is -9c40 - 14?
-9c54
In base 2, what is -1111111101001 - 1100?
-1111111110101
In base 4, what is -3 - -101302211?
101302202
In base 5, what is -11 + -1043221?
-1043232
In base 15, what is 6 - -11a?
121
In base 2, what is -111 + 10000010011?
10000001100
In base 8, what is -15 + 212345?
212330
In base 3, what is 1 + -2010012222?
-2010012221
In base 6, what is 2045410 - 0?
2045410
In base 12, what is 77 - -16ba2?
17059
In base 9, what is -4132 + -16?
-4148
In base 8, what is -246 + -176?
-444
In base 11, what is 1088 - -9?
1096
In base 5, what is 0 + 141033?
141033
In base 9, what is -16 - 531?
-547
In base 2, what is 101101 + -10110000?
-10000011
In base 12, what is -19 + -902?
-91b
In base 12, what is -81 + -8410?
-8491
In base 3, what is -2 - -12012102?
12012100
In base 12, what is -3 + 275195?
275192
In base 3, what is 0 - 12101221002?
-12101221002
In base 12, what is -2 - 1b5a?
-1b60
In base 16, what is 2 + 1c1e6?
1c1e8
In base 13, what is -53353 + 5?
-5334b
In base 11, what is -34 - -678?
644
In base 15, what is -23a - 795?
-9d0
In base 12, what is 0 + -5b515?
-5b515
In base 16, what is 7b53 + -b?
7b48
In base 4, what is 111 - 3001?
-2230
In base 8, what is -7 - -355106?
355077
In base 12, what is 2 + 16013?
16015
In base 7, what is -36161 + -1?
-36162
In base 3, what is -1 + -1110022112?
-1110022120
In base 16, what is 2 - -1600?
1602
In base 10, what is 2 - 5881?
-5879
In base 12, what is -4 - 10b52?
-10b56
In base 5, what is -201424124 + 0?
-201424124
In base 8, what is 5 + -133261?
-133254
In base 7, what is -6 - -1432533?
1432524
In base 13, what is 33839 - 0?
33839
In base 13, what is 1aa73 + 3?
1aa76
In base 8, what is 21 - -404546?
404567
In base 15, what is -c4 + -67?
-13b
In base 4, what is 233313 - -2?
233321
In base 2, what is -1100101011 + 10011101?
-1010001110
In base 2, what is 1001100111 + -11001000?
110011111
In base 4, what is 2 - -2213003223?
2213003231
In base 10, what is -379 + -163?
-542
In base 3, what is -10001211201 - -10?
-10001211121
In base 8, what is 1 - 2145565?
-2145564
In base 5, what is -30 + 120432?
120402
In base 10, what is -450588 - -5?
-450583
In base 8, what is -66 - -707?
621
In base 11, what is -5 + 42777a?
427775
In base 16, what is -6 - -959e?
9598
In base 3, what is -112222 - -112120?
-102
In base 7, what is -30534 - 12?
-30546
In base 3, what is 121221 + -2101212?
-1202221
In base 6, what is 13 - 1130?
-1113
In base 15, what is 1 - 8581?
-8580
In base 9, what is 1766437 - 4?
1766433
In base 8, what is 1062 + -52?
1010
In base 8, what is 1224 - -30?
1254
In base 5, what is -101121 - -322?
-100244
In base 6, what is 113052 - -3?
113055
In base 10, what is 41 - 461?
-420
In base 5, what is -132 - -23401?
23214
In base 13, what is -7a + 167?
ba
In base 6, what is 101055 - -1?
101100
In base 16, what is -3 + 588?
585
In base 15, what is 148 - -1b?
164
In base 14, what is 1ad7 - 117?
19c0
In base 16, what is ac0 + -19?
aa7
In base 5, what is 4322414 + -1?
4322413
In base 9, what is 11 + 474442?
474453
In base 14, what is 431a + d?
4329
In base 3, what is -102021 - 21122?
-200220
In base 10, what is -13706 - 2?
-13708
In base 7, what is 5 + 646544?
646552
In base 11, what is -5 + 23156?
23151
In base 12, what is -1 - 3608?
-3609
In base 2, what is 0 + -110011001111000?
-110011001111000
In base 13, what is 5aab - -2?
5ab0
In base 12, what is -3b64 - -2a5?
-387b
In base 11, what is 5 - -93896?
938a0
In base 11, what is -2853 + 6?
-2848
In base 7, what is -2044330 + -4?
-2044334
In base 7, what is 121 - 626?
-505
In base 2, what is 10011011110 - 1101?
10011010001
In base 11, what is 3a874 - -18?
3a891
In base 8, what is -151324 - 6?
-151332
In base 13, what is 1128 - -13a?
1265
In base 15, what is d + 25c4?
25d2
In base 7, what is -522 - 15403?
-16225
In base 9, what is 5113625 - -3?
5113628
In base 8, what is -2 + -20573?
-20575
In base 15, what is d + 1072?
1080
In base 10, what is 66 - 105?
-39
In base 10, what is 752 + 21?
773
In base 6, what is -3 + -231410?
-231413
In base 4, what is -21312010 - 2?
-21312012
In base 11, what is 906 + 35?
940
In base 7, what is 30 + -322606?
-322546
In base 10, what is 25 + 18659?
18684
In base 2, what is 110 - -10100111000100?
10100111001010
In base 4, what is 10222 - 213?
10003
In base 3, what is 102202022 + 11?
102202110
In base 5, what is 2323 - 14120?
-11242
In base 12, what is 15563 - -3?
15566
In base 7, what is 1 - -1521054?
1521055
In base 7, what is -40 - -340365?
340325
In base 7, what is -114350 + 4?
-114343
In base 8, what is -546 - 2634?
-3402
In base 14, what is -13b67 - -5?
-13b62
In base 11, what is 16062 - 44?
16019
In base 12, what is 52b25 - 6?
52b1b
In base 4, what is -31 - 13020331?
-13021022
In base 7, what is -1002412 - 0?
-1002412
In base 11, what is -10265 - -10?
-10255
In base 12, what is 15a45 - 3?
15a42
In base 9, what is -56 - -7152?
7085
In